{"id":3,"date":"2022-10-25T22:14:18","date_gmt":"2022-10-25T22:14:18","guid":{"rendered":"https:\/\/espaiblaussa.com\/?page_id=3"},"modified":"2022-12-29T16:34:04","modified_gmt":"2022-12-29T16:34:04","slug":"privacy-policy","status":"publish","type":"page","link":"https:\/\/espaiblaussa.com\/es\/privacy-policy\/","title":{"rendered":"Pol\u00edtica de privacitat"},"content":{"rendered":"<div data-elementor-type=\"wp-page\" data-elementor-id=\"3\" class=\"elementor elementor-3\">\n\t\t\t\t\t\t\t\t\t<section class=\"elementor-section elementor-top-section elementor-element elementor-element-1f213c0 elementor-section-boxed elementor-section-height-default elementor-section-height-default\" data-id=\"1f213c0\" data-element_type=\"section\" data-settings=\"{&quot;background_background&quot;:&quot;classic&quot;}\">\n\t\t\t\t\t\t<div class=\"elementor-container elementor-column-gap-default\">\n\t\t\t\t\t<div class=\"elementor-column elementor-col-100 elementor-top-column elementor-element elementor-element-5ae40cc\" data-id=\"5ae40cc\" data-element_type=\"column\">\n\t\t\t<div class=\"elementor-widget-wrap elementor-element-populated\">\n\t\t\t\t\t\t\t\t<div class=\"elementor-element elementor-element-19740eb elementor-widget elementor-widget-heading\" data-id=\"19740eb\" data-element_type=\"widget\" data-widget_type=\"heading.default\">\n\t\t\t\t<div class=\"elementor-widget-container\">\n\t\t\t<style>\/*! elementor - v3.11.3 - 07-03-2023 *\/\n.elementor-heading-title{padding:0;margin:0;line-height:1}.elementor-widget-heading .elementor-heading-title[class*=elementor-size-]>a{color:inherit;font-size:inherit;line-height:inherit}.elementor-widget-heading .elementor-heading-title.elementor-size-small{font-size:15px}.elementor-widget-heading .elementor-heading-title.elementor-size-medium{font-size:19px}.elementor-widget-heading .elementor-heading-title.elementor-size-large{font-size:29px}.elementor-widget-heading .elementor-heading-title.elementor-size-xl{font-size:39px}.elementor-widget-heading .elementor-heading-title.elementor-size-xxl{font-size:59px}<\/style><h2 class=\"elementor-heading-title elementor-size-default\">Pol\u00edtica de privacitat<\/h2>\t\t<\/div>\n\t\t\t\t<\/div>\n\t\t\t\t\t<\/div>\n\t\t<\/div>\n\t\t\t\t\t\t\t<\/div>\n\t\t<\/section>\n\t\t\t\t<section class=\"elementor-section elementor-top-section elementor-element elementor-element-7f90476 elementor-section-content-middle elementor-section-boxed elementor-section-height-default elementor-section-height-default\" data-id=\"7f90476\" data-element_type=\"section\">\n\t\t\t\t\t\t<div class=\"elementor-container elementor-column-gap-default\">\n\t\t\t\t\t<div class=\"elementor-column elementor-col-100 elementor-top-column elementor-element elementor-element-0c6e28e\" data-id=\"0c6e28e\" data-element_type=\"column\">\n\t\t\t<div class=\"elementor-widget-wrap elementor-element-populated\">\n\t\t\t\t\t\t\t\t<div class=\"elementor-element elementor-element-93b5726 elementor-widget elementor-widget-heading\" data-id=\"93b5726\" data-element_type=\"widget\" data-widget_type=\"heading.default\">\n\t\t\t\t<div class=\"elementor-widget-container\">\n\t\t\t<h5 class=\"elementor-heading-title elementor-size-default\">1. INFORMACI\u00d3 PER A L\u2019USUARI\n<\/h5>\t\t<\/div>\n\t\t\t\t<\/div>\n\t\t\t\t<div class=\"elementor-element elementor-element-22bd1b1 elementor-widget elementor-widget-text-editor\" data-id=\"22bd1b1\" data-element_type=\"widget\" data-widget_type=\"text-editor.default\">\n\t\t\t\t<div class=\"elementor-widget-container\">\n\t\t\t<style>\/*! elementor - v3.11.3 - 07-03-2023 *\/\n.elementor-widget-text-editor.elementor-drop-cap-view-stacked .elementor-drop-cap{background-color:#818a91;color:#fff}.elementor-widget-text-editor.elementor-drop-cap-view-framed .elementor-drop-cap{color:#818a91;border:3px solid;background-color:transparent}.elementor-widget-text-editor:not(.elementor-drop-cap-view-default) .elementor-drop-cap{margin-top:8px}.elementor-widget-text-editor:not(.elementor-drop-cap-view-default) .elementor-drop-cap-letter{width:1em;height:1em}.elementor-widget-text-editor .elementor-drop-cap{float:left;text-align:center;line-height:1;font-size:50px}.elementor-widget-text-editor .elementor-drop-cap-letter{display:inline-block}<\/style>\t\t\t\t<p>Qui \u00e9s el responsable del tractament de les teves dades personals?<\/p><p><strong>MERITXELL RICART OLL\u00c9<\/strong> \u00e9s el RESPONSABLE del tractament de les dades personals de l\u2019USUARI i l\u2019informa que<br \/>aquestes dades es tractaran de conformitat amb el que estableix el Reglament (UE) 2016\/679, de 27 d\u2019abril (GDPR), i la<br \/>Llei Org\u00e0nica 3\/2018, de 5 de desembre (LOPDGDD).<\/p><p>Per a qu\u00e8 tractem les teves dades personals i perqu\u00e8 ho fem?<\/p><p>Segons el formulari on h\u00e0gim obtingut les vostres dades personals, les tractarem de manera confidencial per assolir les<br \/>finalitats seg\u00fcents:<\/p><p>En el formulari <strong>Contacte<\/strong><\/p><ul><li>Donar resposta a les consultes o qualsevol tipus de petici\u00f3 que faci l&#8217;usuari a trav\u00e9s de qualsevol de les formes de<br \/>contacte que es posen a la seva disposici\u00f3 a la p\u00e0gina web del responsable.<br \/>(per l&#8217;inter\u00e8s leg\u00edtim de l&#8217;responsable, art. 6.1.f GDPR)<\/li><li>Efectuar an\u00e0lisis estad\u00edstiques i estudis de mercat.<br \/>(per l&#8217;inter\u00e8s leg\u00edtim de l&#8217;responsable, art. 6.1.f GDPR)<\/li><\/ul><p>\u00a0<\/p><p>Durant quant de temps guardarem les teves dades personals?<\/p><p>Es conservaran durant no m\u00e9s temps del necessari per mantenir la finalitat del tractament o mentre hi hagi prescripcions<br \/>legals que en dictaminin la cust\u00f2dia i quan ja no sigui necessari per aquest motiu, se suprimiran amb mesures de<br \/>seguretat adequades per garantir que les dades siguin anonimitzades o totalment destru\u00efdes.<\/p><p>A qui facilitem les vostres dades personals?<\/p><p>No es preveu cap comunicaci\u00f3 de dades personals a tercers excepte si fos necessari per al desenvolupament i execuci\u00f3<br \/>de les finalitats del tractament, als nostres prove\u00efdors de serveis relacionats amb comunicacions, amb els quals el<br \/>RESPONSABLE ha formalitzat els contractes de confidencialitat i d\u2019encarregat de tractament exigits per la normativa<br \/>vigent de privacitat.<\/p><p>Quins s\u00f3n teus drets?<\/p><p>Els drets que t\u00e9 l\u2019USUARI s\u00f3n:<\/p><ul><li>Dret a retirar el consentiment en qualsevol moment.<\/li><li>Dret d\u2019acc\u00e9s, rectificaci\u00f3, portabilitat i supressi\u00f3 de les vostres dades i de limitaci\u00f3 o oposici\u00f3 al seu tractament.<\/li><li>Dret a presentar una reclamaci\u00f3 davant l\u2019autoritat de control (www.aepd.es) si considera que el tractament no s\u2019ajusta a la normativa vigent.<\/li><\/ul><p>\u00a0<\/p><p><strong>Dades de contacte per exercir els seus drets:<\/strong><\/p><p><br \/>MERITXELL RICART OLL\u00c9. C\/Zurbano, 1 B 2 &#8211; 08201 Sabadell (Barcelona). E-mail: mricartolle@gmail.com<\/p>\t\t\t\t\t\t<\/div>\n\t\t\t\t<\/div>\n\t\t\t\t<div class=\"elementor-element elementor-element-22e4a85 elementor-widget elementor-widget-heading\" data-id=\"22e4a85\" data-element_type=\"widget\" data-widget_type=\"heading.default\">\n\t\t\t\t<div class=\"elementor-widget-container\">\n\t\t\t<h5 class=\"elementor-heading-title elementor-size-default\">2. CAR\u00c0CTER OBLIGATORI O FACULTATIU DE LA INFORMACI\u00d3 FACILITADA PER L\u2019USUARI<\/h5>\t\t<\/div>\n\t\t\t\t<\/div>\n\t\t\t\t<div class=\"elementor-element elementor-element-c44ef48 elementor-widget elementor-widget-text-editor\" data-id=\"c44ef48\" data-element_type=\"widget\" data-widget_type=\"text-editor.default\">\n\t\t\t\t<div class=\"elementor-widget-container\">\n\t\t\t\t\t\t\t<p>Els USUARIS, per mitj\u00e0 de les caselles corresponents i la introducci\u00f3 de dades en els camps, marcats amb l\u2019asterisc (*)<br \/>en el formulari de contacte o presentats en formularis de desc\u00e0rrega, accepten expressament i de manera lliure i<br \/>inequ\u00edvoca, que les seves dades s\u00f3n necess\u00e0ries per atendre la seva petici\u00f3, per part del prestador, i que per tant la<br \/>inclusi\u00f3 de les dades en els camps restants \u00e9s volunt\u00e0ria. L\u2019USUARI garanteix que les dades personals facilitades al<br \/>RESPONSABLE s\u00f3n ver\u00eddiques i es fa responsable de comunicar-ne qualsevol modificaci\u00f3.<\/p><p>El RESPONSABLE informa que totes les dades sol\u00b7licitades a trav\u00e9s del lloc web s\u00f3n obligat\u00f2ries, ja que s\u00f3n<br \/>necess\u00e0ries per a la prestaci\u00f3 d\u2019un servei \u00f2ptim a l\u2019USUARI. En cas que no es facilitin totes les dades, no es garanteix<br \/>que la informaci\u00f3 i serveis facilitats s\u2019ajustin completament a les seves necessitats.<\/p>\t\t\t\t\t\t<\/div>\n\t\t\t\t<\/div>\n\t\t\t\t<div class=\"elementor-element elementor-element-3044191 elementor-widget elementor-widget-heading\" data-id=\"3044191\" data-element_type=\"widget\" data-widget_type=\"heading.default\">\n\t\t\t\t<div class=\"elementor-widget-container\">\n\t\t\t<h5 class=\"elementor-heading-title elementor-size-default\">3. MESURES DE SEGURETAT\n<\/h5>\t\t<\/div>\n\t\t\t\t<\/div>\n\t\t\t\t<div class=\"elementor-element elementor-element-c45e0af elementor-widget elementor-widget-text-editor\" data-id=\"c45e0af\" data-element_type=\"widget\" data-widget_type=\"text-editor.default\">\n\t\t\t\t<div class=\"elementor-widget-container\">\n\t\t\t\t\t\t\t<p>Que, de conformitat amb el que estableixen les normatives vigents en protecci\u00f3 de dades personals, el RESPONSABLE<br \/>est\u00e0 complint amb totes les disposicions de les normatives GDPR i LOPDGDD per al tractament de les dades personals<br \/>de la seva responsabilitat, i manifestament amb els principis descrits a l\u2019article 5 del GDPR, pels quals es tracten de<br \/>manera l\u00edcita, lleial i transparent en relaci\u00f3 amb l\u2019interessat i adequades, pertinents i limitades al que \u00e9s necessari en<br \/>relaci\u00f3 amb les finalitats per a les quals es tracten.<br \/>El RESPONSABLE garanteix que ha implementat pol\u00edtiques t\u00e8cniques i organitzatives apropiades per aplicar les<br \/>mesures de seguretat que estableixen el GDPR i la LOPDGDD, amb la finalitat de protegir els drets i llibertats dels<br \/>USUARIS i els ha comunicat la informaci\u00f3 adequada perqu\u00e8 puguin exercir-los.<br \/>Per a m\u00e9s informaci\u00f3 sobre les garanties de privacitat, pots adre\u00e7ar-te al RESPONSABLEa trav\u00e9s de MERITXELL<br \/>RICART OLL\u00c9. C\/Zurbano, 1 B 2 &#8211; 08201 Sabadell (Barcelona). E-mail: mricartolle@gmail.com<\/p>\t\t\t\t\t\t<\/div>\n\t\t\t\t<\/div>\n\t\t\t\t\t<\/div>\n\t\t<\/div>\n\t\t\t\t\t\t\t<\/div>\n\t\t<\/section>\n\t\t\t\t\t\t\t<\/div>","protected":false},"excerpt":{"rendered":"<p>1. INFORMACI\u00d3 PER A L\u2019USUARI Qui \u00e9s el responsable del tractament de les teves dades personals? MERITXELL RICART OLL\u00c9 \u00e9s el RESPONSABLE del tractament de les dades personals de l\u2019USUARI i l\u2019informa queaquestes dades es tractaran de conformitat amb el que estableix el Reglament (UE) 2016\/679, de 27 d\u2019abril (GDPR), i laLlei Org\u00e0nica 3\/2018, de [&hellip;]<\/p>","protected":false},"author":1,"featured_media":0,"parent":0,"menu_order":0,"comment_status":"closed","ping_status":"closed","template":"elementor_header_footer","meta":{"footnotes":""},"class_list":["post-3","page","type-page","status-publish","hentry"],"_links":{"self":[{"href":"https:\/\/espaiblaussa.com\/es\/wp-json\/wp\/v2\/pages\/3","targetHints":{"allow":["GET"]}}],"collection":[{"href":"https:\/\/espaiblaussa.com\/es\/wp-json\/wp\/v2\/pages"}],"about":[{"href":"https:\/\/espaiblaussa.com\/es\/wp-json\/wp\/v2\/types\/page"}],"author":[{"embeddable":true,"href":"https:\/\/espaiblaussa.com\/es\/wp-json\/wp\/v2\/users\/1"}],"replies":[{"embeddable":true,"href":"https:\/\/espaiblaussa.com\/es\/wp-json\/wp\/v2\/comments?post=3"}],"version-history":[{"count":34,"href":"https:\/\/espaiblaussa.com\/es\/wp-json\/wp\/v2\/pages\/3\/revisions"}],"predecessor-version":[{"id":617,"href":"https:\/\/espaiblaussa.com\/es\/wp-json\/wp\/v2\/pages\/3\/revisions\/617"}],"wp:attachment":[{"href":"https:\/\/espaiblaussa.com\/es\/wp-json\/wp\/v2\/media?parent=3"}],"curies":[{"name":"wp","href":"https:\/\/api.w.org\/{rel}","templated":true}]}}

Política de privacitat

<div data-elementor-type="wp-page" data-elementor-id="3" class="elementor elementor-3">
									<section class="elementor-section elementor-top-section elementor-element elementor-element-1f213c0 elementor-section-boxed elementor-section-height-default elementor-section-height-default" data-id="1f213c0" data-element_type="section" data-settings="{&quot;background_background&quot;:&quot;classic&quot;}">
						<div class="elementor-container elementor-column-gap-default">
					<div class="elementor-column elementor-col-100 elementor-top-column elementor-element elementor-element-5ae40cc" data-id="5ae40cc" data-element_type="column">
			<div class="elementor-widget-wrap elementor-element-populated">
								<div class="elementor-element elementor-element-19740eb elementor-widget elementor-widget-heading" data-id="19740eb" data-element_type="widget" data-widget_type="heading.default">
				<div class="elementor-widget-container">
			<style>/*! elementor - v3.11.3 - 07-03-2023 */
.elementor-heading-title{padding:0;margin:0;line-height:1}.elementor-widget-heading .elementor-heading-title[class*=elementor-size-]>a{color:inherit;font-size:inherit;line-height:inherit}.elementor-widget-heading .elementor-heading-title.elementor-size-small{font-size:15px}.elementor-widget-heading .elementor-heading-title.elementor-size-medium{font-size:19px}.elementor-widget-heading .elementor-heading-title.elementor-size-large{font-size:29px}.elementor-widget-heading .elementor-heading-title.elementor-size-xl{font-size:39px}.elementor-widget-heading .elementor-heading-title.elementor-size-xxl{font-size:59px}</style><h2 class="elementor-heading-title elementor-size-default">Política de privacitat</h2>		</div>
				</div>
					</div>
		</div>
							</div>
		</section>
				<section class="elementor-section elementor-top-section elementor-element elementor-element-7f90476 elementor-section-content-middle elementor-section-boxed elementor-section-height-default elementor-section-height-default" data-id="7f90476" data-element_type="section">
						<div class="elementor-container elementor-column-gap-default">
					<div class="elementor-column elementor-col-100 elementor-top-column elementor-element elementor-element-0c6e28e" data-id="0c6e28e" data-element_type="column">
			<div class="elementor-widget-wrap elementor-element-populated">
								<div class="elementor-element elementor-element-93b5726 elementor-widget elementor-widget-heading" data-id="93b5726" data-element_type="widget" data-widget_type="heading.default">
				<div class="elementor-widget-container">
			<h5 class="elementor-heading-title elementor-size-default">1. INFORMACIÓ PER A L’USUARI
</h5>		</div>
				</div>
				<div class="elementor-element elementor-element-22bd1b1 elementor-widget elementor-widget-text-editor" data-id="22bd1b1" data-element_type="widget" data-widget_type="text-editor.default">
				<div class="elementor-widget-container">
			<style>/*! elementor - v3.11.3 - 07-03-2023 */
.elementor-widget-text-editor.elementor-drop-cap-view-stacked .elementor-drop-cap{background-color:#818a91;color:#fff}.elementor-widget-text-editor.elementor-drop-cap-view-framed .elementor-drop-cap{color:#818a91;border:3px solid;background-color:transparent}.elementor-widget-text-editor:not(.elementor-drop-cap-view-default) .elementor-drop-cap{margin-top:8px}.elementor-widget-text-editor:not(.elementor-drop-cap-view-default) .elementor-drop-cap-letter{width:1em;height:1em}.elementor-widget-text-editor .elementor-drop-cap{float:left;text-align:center;line-height:1;font-size:50px}.elementor-widget-text-editor .elementor-drop-cap-letter{display:inline-block}</style>				<p>Qui és el responsable del tractament de les teves dades personals?</p><p><strong>MERITXELL RICART OLLÉ</strong> és el RESPONSABLE del tractament de les dades personals de l’USUARI i l’informa que<br />aquestes dades es tractaran de conformitat amb el que estableix el Reglament (UE) 2016/679, de 27 d’abril (GDPR), i la<br />Llei Orgànica 3/2018, de 5 de desembre (LOPDGDD).</p><p>Per a què tractem les teves dades personals i perquè ho fem?</p><p>Segons el formulari on hàgim obtingut les vostres dades personals, les tractarem de manera confidencial per assolir les<br />finalitats següents:</p><p>En el formulari <strong>Contacte</strong></p><ul><li>Donar resposta a les consultes o qualsevol tipus de petició que faci l&#8217;usuari a través de qualsevol de les formes de<br />contacte que es posen a la seva disposició a la pàgina web del responsable.<br />(per l&#8217;interès legítim de l&#8217;responsable, art. 6.1.f GDPR)</li><li>Efectuar anàlisis estadístiques i estudis de mercat.<br />(per l&#8217;interès legítim de l&#8217;responsable, art. 6.1.f GDPR)</li></ul><p> </p><p>Durant quant de temps guardarem les teves dades personals?</p><p>Es conservaran durant no més temps del necessari per mantenir la finalitat del tractament o mentre hi hagi prescripcions<br />legals que en dictaminin la custòdia i quan ja no sigui necessari per aquest motiu, se suprimiran amb mesures de<br />seguretat adequades per garantir que les dades siguin anonimitzades o totalment destruïdes.</p><p>A qui facilitem les vostres dades personals?</p><p>No es preveu cap comunicació de dades personals a tercers excepte si fos necessari per al desenvolupament i execució<br />de les finalitats del tractament, als nostres proveïdors de serveis relacionats amb comunicacions, amb els quals el<br />RESPONSABLE ha formalitzat els contractes de confidencialitat i d’encarregat de tractament exigits per la normativa<br />vigent de privacitat.</p><p>Quins són teus drets?</p><p>Els drets que té l’USUARI són:</p><ul><li>Dret a retirar el consentiment en qualsevol moment.</li><li>Dret d’accés, rectificació, portabilitat i supressió de les vostres dades i de limitació o oposició al seu tractament.</li><li>Dret a presentar una reclamació davant l’autoritat de control (www.aepd.es) si considera que el tractament no s’ajusta a la normativa vigent.</li></ul><p> </p><p><strong>Dades de contacte per exercir els seus drets:</strong></p><p><br />MERITXELL RICART OLLÉ. C/Zurbano, 1 B 2 &#8211; 08201 Sabadell (Barcelona). E-mail: mricartolle@gmail.com</p>						</div>
				</div>
				<div class="elementor-element elementor-element-22e4a85 elementor-widget elementor-widget-heading" data-id="22e4a85" data-element_type="widget" data-widget_type="heading.default">
				<div class="elementor-widget-container">
			<h5 class="elementor-heading-title elementor-size-default">2. CARÀCTER OBLIGATORI O FACULTATIU DE LA INFORMACIÓ FACILITADA PER L’USUARI</h5>		</div>
				</div>
				<div class="elementor-element elementor-element-c44ef48 elementor-widget elementor-widget-text-editor" data-id="c44ef48" data-element_type="widget" data-widget_type="text-editor.default">
				<div class="elementor-widget-container">
							<p>Els USUARIS, per mitjà de les caselles corresponents i la introducció de dades en els camps, marcats amb l’asterisc (*)<br />en el formulari de contacte o presentats en formularis de descàrrega, accepten expressament i de manera lliure i<br />inequívoca, que les seves dades són necessàries per atendre la seva petició, per part del prestador, i que per tant la<br />inclusió de les dades en els camps restants és voluntària. L’USUARI garanteix que les dades personals facilitades al<br />RESPONSABLE són verídiques i es fa responsable de comunicar-ne qualsevol modificació.</p><p>El RESPONSABLE informa que totes les dades sol·licitades a través del lloc web són obligatòries, ja que són<br />necessàries per a la prestació d’un servei òptim a l’USUARI. En cas que no es facilitin totes les dades, no es garanteix<br />que la informació i serveis facilitats s’ajustin completament a les seves necessitats.</p>						</div>
				</div>
				<div class="elementor-element elementor-element-3044191 elementor-widget elementor-widget-heading" data-id="3044191" data-element_type="widget" data-widget_type="heading.default">
				<div class="elementor-widget-container">
			<h5 class="elementor-heading-title elementor-size-default">3. MESURES DE SEGURETAT
</h5>		</div>
				</div>
				<div class="elementor-element elementor-element-c45e0af elementor-widget elementor-widget-text-editor" data-id="c45e0af" data-element_type="widget" data-widget_type="text-editor.default">
				<div class="elementor-widget-container">
							<p>Que, de conformitat amb el que estableixen les normatives vigents en protecció de dades personals, el RESPONSABLE<br />està complint amb totes les disposicions de les normatives GDPR i LOPDGDD per al tractament de les dades personals<br />de la seva responsabilitat, i manifestament amb els principis descrits a l’article 5 del GDPR, pels quals es tracten de<br />manera lícita, lleial i transparent en relació amb l’interessat i adequades, pertinents i limitades al que és necessari en<br />relació amb les finalitats per a les quals es tracten.<br />El RESPONSABLE garanteix que ha implementat polítiques tècniques i organitzatives apropiades per aplicar les<br />mesures de seguretat que estableixen el GDPR i la LOPDGDD, amb la finalitat de protegir els drets i llibertats dels<br />USUARIS i els ha comunicat la informació adequada perquè puguin exercir-los.<br />Per a més informació sobre les garanties de privacitat, pots adreçar-te al RESPONSABLEa través de MERITXELL<br />RICART OLLÉ. C/Zurbano, 1 B 2 &#8211; 08201 Sabadell (Barcelona). E-mail: mricartolle@gmail.com</p>						</div>
				</div>
					</div>
		</div>
							</div>
		</section>
							</div>

<p>1. INFORMACIÓ PER A L’USUARI Qui és el responsable del tractament de les teves dades personals? MERITXELL RICART OLLÉ és el RESPONSABLE del tractament de les dades personals de l’USUARI i l’informa queaquestes dades es tractaran de conformitat amb el que estableix el Reglament (UE) 2016/679, de 27 d’abril (GDPR), i laLlei Orgànica 3/2018, de [&hellip;]</p>
